{"id":84,"date":"2016-10-17T10:39:40","date_gmt":"2016-10-17T08:39:40","guid":{"rendered":"http:\/\/praxis-gegenwind.de\/?page_id=84"},"modified":"2023-11-08T12:26:34","modified_gmt":"2023-11-08T11:26:34","slug":"life-management","status":"publish","type":"page","link":"https:\/\/praxis-gegenwind.de\/?page_id=84","title":{"rendered":"Life-Management \/ Soziotherapie \/ Pers\u00f6nliches Budget"},"content":{"rendered":"\n<h3 class=\"wp-block-heading has-vivid-cyan-blue-background-color has-background\">\u201cAlles lief gut. Die Arbeit und das Privatleben waren etwas stressig, ja, aber sonst ok.<\/h3>\n\n\n\n<h3 class=\"wp-block-heading has-pale-cyan-blue-background-color has-background\">Nichts, dass ich nicht packen w\u00fcrde.<\/h3>\n\n\n\n<h3 class=\"wp-block-heading has-pale-cyan-blue-background-color has-background\">Und dann kam der Knall. Ganz pl\u00f6tzlich.<\/h3>\n\n\n\n<h3 class=\"wp-block-heading has-pale-cyan-blue-background-color has-background\">Ich kam nicht mehr zurecht, alles war mir zu viel. Ich wusste nicht mehr, wie mein Leben aussehen sollte.<\/h3>\n\n\n\n<h3 class=\"wp-block-heading has-pale-cyan-blue-background-color has-background\">Arbeit, Privatleben, alles versank im Chaos. Ich konnte keine Papiere mehr erledigen, keine Termine mehr einhalten und manchmal nicht mal mehr die Post \u00f6ffnen.<\/h3>\n\n\n\n<h3 class=\"wp-block-heading has-pale-cyan-blue-background-color has-background\">Ich brauche Hilfe.<\/h3>\n\n\n\n<h3 class=\"wp-block-heading has-pale-cyan-blue-background-color has-background\">Ich brauche keine Therapie, ich brauche jemanden, der mir unter die Arme greift!\u2026\u201d<\/h3>\n\n\n\n<p><\/p>\n\n\n\n<p class=\"has-pale-cyan-blue-background-color has-background\"><span style=\"font-weight: 400;\">Egal ob im Beruf, im famili\u00e4ren Umfeld, im Freundeskreis oder ganz privat: Manchmal gibt es Situationen und Lebensumst\u00e4nde, &nbsp;denen man nicht mehr Herr wird. <\/span><\/p>\n\n\n\n<p class=\"has-pale-cyan-blue-background-color has-background\"><span style=\"font-weight: 400;\">Momente in denen man glaubt, nicht mehr vorw\u00e4rts zu kommen und keinen Ausweg zu finden. <\/span><\/p>\n\n\n\n<p class=\"has-pale-cyan-blue-background-color has-background\"><span style=\"font-weight: 400;\">Dabei geht es nicht immer um schwere Probleme oder psychische Erkrankungen, sondern um eine ganz greifbare \u00dcberforderung &#8211; ein \u201czu viel\u201d. <\/span><\/p>\n\n\n\n<p class=\"has-pale-cyan-blue-background-color has-background\"><span style=\"font-weight: 400;\">W\u00e4re es in solchen Lebensphasen nicht gut und hilfreich, &nbsp;wenn man jemanden an seiner Seite w\u00fcsste? Jemand, der einem hilft, wieder alles in die Spur zu bekommen? <\/span><\/p>\n\n\n\n<p class=\"has-pale-cyan-blue-background-color has-background\"><span style=\"font-weight: 400;\">Jemanden, der das Chaos ein wenig mehr \u00fcberblicken kann, weil er von au\u00dfen kommt? <\/span><\/p>\n\n\n\n<p class=\"has-pale-cyan-blue-background-color has-background\"><span style=\"font-weight: 400;\">Jemanden, &nbsp;der mir hilft mein Leben zu managen, bis ich wieder stabiler bin? <\/span><\/p>\n\n\n\n<p class=\"has-pale-cyan-blue-background-color has-background\"><span style=\"font-weight: 400;\">Mit dem Life-Management-Angebot richte ich mich als Sozialberater und Coach an die Menschen, die einfach nur einen \u201cSchubs\u201d brauchen. <\/span><\/p>\n\n\n\n<p class=\"has-pale-cyan-blue-background-color has-background\"><span style=\"font-weight: 400;\">Ich richte mich an Menschen, die f\u00fcr eine gewisse Zeit einen Begleiter brauchen, der ihnen durch eine schwere Phase hilft.<\/span><\/p>\n\n\n\n<p class=\"has-pale-cyan-blue-background-color has-background\"><span style=\"font-weight: 400;\">Meine Angebote umfassen das begleitende und beratende Spektrum der sozialen Arbeit und der psychotherapeutischen Interventionen. Neben meinen fachlichen Qualifikationen und der guten lokalen Vernetzung im Rhein-Main-Gebiet tragen auch die fundierten Kenntnisse der sozialen und therapeutischen Hilfssysteme und Strukturen zu einer umfassenden Begleitung und Beratung bei.<\/span><\/p>\n\n\n\n<p class=\"has-pale-cyan-blue-background-color has-background\"><span style=\"font-weight: 400;\">Die Begleitung kann in den Praxisr\u00e4umen stattfinden, sind aber auch im h\u00e4uslichen Umfeld m\u00f6glich.<\/span><\/p>\n\n\n\n<p class=\"has-pale-cyan-blue-background-color has-background\"><span style=\"font-weight: 400;\">In besonderen F\u00e4llen (diagnostizierte psychische Erkrankung) kann eine Unterst\u00fctzung \u00fcber den Landeswohlfahrtsverband bzw. das Sozialamt beantragt werden. <\/span><\/p>\n\n\n\n<p class=\"has-pale-cyan-blue-background-color has-background\"><span style=\"font-weight: 400;\">Dies sind Leistungen des \u201c<strong>Pers\u00f6nlichen Budgets<\/strong>\u201d.<\/span><\/p>\n\n\n\n<p class=\"has-pale-cyan-blue-background-color has-background\"><span style=\"font-weight: 400;\">Weitere Informationen unter:<\/span><\/p>\n\n\n\n<p class=\"has-vivid-green-cyan-background-color has-background\"><span style=\"font-weight: 400;\"> <\/span><a href=\"https:\/\/www.lwv-hessen.de\/soziales-perseh\/leistungen-zur-sozialen-teilhabe\/persoenliches-budget.html\"><span style=\"font-weight: 400;\">https:\/\/www.lwv-hessen.de\/soziales-perseh\/leistungen-zur-sozialen-teilhabe\/persoenliches-budget.html<\/span><\/a><\/p>\n\n\n\n<p class=\"has-pale-cyan-blue-background-color has-background\"><span style=\"font-weight: 400;\">und <\/span><\/p>\n\n\n\n<p class=\"has-vivid-green-cyan-background-color has-background\"><a href=\"https:\/\/www.lwv-hessen.de\/soziales-perseh\/leistungen-zur-sozialen-teilhabe\/persoenliches-budget\/persoenliches-budget-fragen-antworten.html)\">https:\/\/www.lwv-hessen.de\/soziales-perseh\/leistungen-zur-sozialen-teilhabe\/persoenliches-budget\/persoenliches-budget-fragen-antworten.html)<\/a><\/p>\n\n\n\n<p class=\"has-pale-cyan-blue-background-color has-background\"><span style=\"font-weight: 400;\">Vereinbaren Sie einen Termin mit mir und ich werde Sie gerne genauer \u00fcber die M\u00f6glichkeiten, Inhalte und Methoden des Life-Managements informieren!!<\/span><\/p>\n\n\n\n<ul class=\"has-black-color has-vivid-cyan-blue-background-color has-text-color has-background wp-block-list\">\n<li><span style=\"text-decoration: underline;\"><a rel=\"noopener noreferrer\" href=\"http:\/\/praxis-gegenwind.de\/kontakt\/\" target=\"_blank\"><strong>Kontakt aufnehmen<\/strong><\/a><\/span><\/li>\n<\/ul>\n","protected":false},"excerpt":{"rendered":"<p>\u201cAlles lief gut. Die Arbeit und das Privatleben waren etwas stressig, ja, aber sonst ok. Nichts, dass ich nicht packen w\u00fcrde. Und dann kam der Knall. Ganz pl\u00f6tzlich. Ich kam nicht mehr zurecht, alles war mir zu viel. Ich wusste nicht mehr, wie mein Leben aussehen sollte. Arbeit, Privatleben, alles versank im Chaos. Ich konnte [&hellip;]<\/p>\n","protected":false},"author":1,"featured_media":0,"parent":24,"menu_order":1,"comment_status":"closed","ping_status":"closed","template":"","meta":{"footnotes":""},"class_list":["post-84","page","type-page","status-publish","hentry"],"_links":{"self":[{"href":"https:\/\/praxis-gegenwind.de\/index.php?rest_route=\/wp\/v2\/pages\/84","targetHints":{"allow":["GET"]}}],"collection":[{"href":"https:\/\/praxis-gegenwind.de\/index.php?rest_route=\/wp\/v2\/pages"}],"about":[{"href":"https:\/\/praxis-gegenwind.de\/index.php?rest_route=\/wp\/v2\/types\/page"}],"author":[{"embeddable":true,"href":"https:\/\/praxis-gegenwind.de\/index.php?rest_route=\/wp\/v2\/users\/1"}],"replies":[{"embeddable":true,"href":"https:\/\/praxis-gegenwind.de\/index.php?rest_route=%2Fwp%2Fv2%2Fcomments&post=84"}],"version-history":[{"count":17,"href":"https:\/\/praxis-gegenwind.de\/index.php?rest_route=\/wp\/v2\/pages\/84\/revisions"}],"predecessor-version":[{"id":687,"href":"https:\/\/praxis-gegenwind.de\/index.php?rest_route=\/wp\/v2\/pages\/84\/revisions\/687"}],"up":[{"embeddable":true,"href":"https:\/\/praxis-gegenwind.de\/index.php?rest_route=\/wp\/v2\/pages\/24"}],"wp:attachment":[{"href":"https:\/\/praxis-gegenwind.de\/index.php?rest_route=%2Fwp%2Fv2%2Fmedia&parent=84"}],"curies":[{"name":"wp","href":"https:\/\/api.w.org\/{rel}","templated":true}]}}

Life-Management / Soziotherapie / Persönliches Budget

<h3 class="wp-block-heading has-vivid-cyan-blue-background-color has-background">“Alles lief gut. Die Arbeit und das Privatleben waren etwas stressig, ja, aber sonst ok.</h3>



<h3 class="wp-block-heading has-pale-cyan-blue-background-color has-background">Nichts, dass ich nicht packen würde.</h3>



<h3 class="wp-block-heading has-pale-cyan-blue-background-color has-background">Und dann kam der Knall. Ganz plötzlich.</h3>



<h3 class="wp-block-heading has-pale-cyan-blue-background-color has-background">Ich kam nicht mehr zurecht, alles war mir zu viel. Ich wusste nicht mehr, wie mein Leben aussehen sollte.</h3>



<h3 class="wp-block-heading has-pale-cyan-blue-background-color has-background">Arbeit, Privatleben, alles versank im Chaos. Ich konnte keine Papiere mehr erledigen, keine Termine mehr einhalten und manchmal nicht mal mehr die Post öffnen.</h3>



<h3 class="wp-block-heading has-pale-cyan-blue-background-color has-background">Ich brauche Hilfe.</h3>



<h3 class="wp-block-heading has-pale-cyan-blue-background-color has-background">Ich brauche keine Therapie, ich brauche jemanden, der mir unter die Arme greift!…”</h3>



<p></p>



<p class="has-pale-cyan-blue-background-color has-background"><span style="font-weight: 400;">Egal ob im Beruf, im familiären Umfeld, im Freundeskreis oder ganz privat: Manchmal gibt es Situationen und Lebensumstände, &nbsp;denen man nicht mehr Herr wird. </span></p>



<p class="has-pale-cyan-blue-background-color has-background"><span style="font-weight: 400;">Momente in denen man glaubt, nicht mehr vorwärts zu kommen und keinen Ausweg zu finden. </span></p>



<p class="has-pale-cyan-blue-background-color has-background"><span style="font-weight: 400;">Dabei geht es nicht immer um schwere Probleme oder psychische Erkrankungen, sondern um eine ganz greifbare Überforderung &#8211; ein “zu viel”. </span></p>



<p class="has-pale-cyan-blue-background-color has-background"><span style="font-weight: 400;">Wäre es in solchen Lebensphasen nicht gut und hilfreich, &nbsp;wenn man jemanden an seiner Seite wüsste? Jemand, der einem hilft, wieder alles in die Spur zu bekommen? </span></p>



<p class="has-pale-cyan-blue-background-color has-background"><span style="font-weight: 400;">Jemanden, der das Chaos ein wenig mehr überblicken kann, weil er von außen kommt? </span></p>



<p class="has-pale-cyan-blue-background-color has-background"><span style="font-weight: 400;">Jemanden, &nbsp;der mir hilft mein Leben zu managen, bis ich wieder stabiler bin? </span></p>



<p class="has-pale-cyan-blue-background-color has-background"><span style="font-weight: 400;">Mit dem Life-Management-Angebot richte ich mich als Sozialberater und Coach an die Menschen, die einfach nur einen “Schubs” brauchen. </span></p>



<p class="has-pale-cyan-blue-background-color has-background"><span style="font-weight: 400;">Ich richte mich an Menschen, die für eine gewisse Zeit einen Begleiter brauchen, der ihnen durch eine schwere Phase hilft.</span></p>



<p class="has-pale-cyan-blue-background-color has-background"><span style="font-weight: 400;">Meine Angebote umfassen das begleitende und beratende Spektrum der sozialen Arbeit und der psychotherapeutischen Interventionen. Neben meinen fachlichen Qualifikationen und der guten lokalen Vernetzung im Rhein-Main-Gebiet tragen auch die fundierten Kenntnisse der sozialen und therapeutischen Hilfssysteme und Strukturen zu einer umfassenden Begleitung und Beratung bei.</span></p>



<p class="has-pale-cyan-blue-background-color has-background"><span style="font-weight: 400;">Die Begleitung kann in den Praxisräumen stattfinden, sind aber auch im häuslichen Umfeld möglich.</span></p>



<p class="has-pale-cyan-blue-background-color has-background"><span style="font-weight: 400;">In besonderen Fällen (diagnostizierte psychische Erkrankung) kann eine Unterstützung über den Landeswohlfahrtsverband bzw. das Sozialamt beantragt werden. </span></p>



<p class="has-pale-cyan-blue-background-color has-background"><span style="font-weight: 400;">Dies sind Leistungen des “<strong>Persönlichen Budgets</strong>”.</span></p>



<p class="has-pale-cyan-blue-background-color has-background"><span style="font-weight: 400;">Weitere Informationen unter:</span></p>



<p class="has-vivid-green-cyan-background-color has-background"><span style="font-weight: 400;"> </span><a href="https://www.lwv-hessen.de/soziales-perseh/leistungen-zur-sozialen-teilhabe/persoenliches-budget.html"><span style="font-weight: 400;">https://www.lwv-hessen.de/soziales-perseh/leistungen-zur-sozialen-teilhabe/persoenliches-budget.html</span></a></p>



<p class="has-pale-cyan-blue-background-color has-background"><span style="font-weight: 400;">und </span></p>



<p class="has-vivid-green-cyan-background-color has-background"><a href="https://www.lwv-hessen.de/soziales-perseh/leistungen-zur-sozialen-teilhabe/persoenliches-budget/persoenliches-budget-fragen-antworten.html)">https://www.lwv-hessen.de/soziales-perseh/leistungen-zur-sozialen-teilhabe/persoenliches-budget/persoenliches-budget-fragen-antworten.html)</a></p>



<p class="has-pale-cyan-blue-background-color has-background"><span style="font-weight: 400;">Vereinbaren Sie einen Termin mit mir und ich werde Sie gerne genauer über die Möglichkeiten, Inhalte und Methoden des Life-Managements informieren!!</span></p>



<ul class="has-black-color has-vivid-cyan-blue-background-color has-text-color has-background wp-block-list">
<li><span style="text-decoration: underline;"><a rel="noopener noreferrer" href="http://praxis-gegenwind.de/kontakt/" target="_blank"><strong>Kontakt aufnehmen</strong></a></span></li>
</ul>

<p>“Alles lief gut. Die Arbeit und das Privatleben waren etwas stressig, ja, aber sonst ok. Nichts, dass ich nicht packen würde. Und dann kam der Knall. Ganz plötzlich. Ich kam nicht mehr zurecht, alles war mir zu viel. Ich wusste nicht mehr, wie mein Leben aussehen sollte. Arbeit, Privatleben, alles versank im Chaos. Ich konnte [&hellip;]</p>
