{"id":44,"date":"2016-09-24T12:38:42","date_gmt":"2016-09-24T10:38:42","guid":{"rendered":"http:\/\/praxis-gegenwind.de\/wordpress\/?page_id=44"},"modified":"2022-08-21T16:48:59","modified_gmt":"2022-08-21T14:48:59","slug":"kontakt","status":"publish","type":"page","link":"https:\/\/praxis-gegenwind.de\/?page_id=44","title":{"rendered":"Kontakt\/Impressum"},"content":{"rendered":"<div class=\"wp-block-image\">\n<figure class=\"aligncenter size-medium\"><img loading=\"lazy\" decoding=\"async\" width=\"300\" height=\"167\" src=\"https:\/\/praxis-gegenwind.de\/wp-content\/uploads\/2022\/08\/PGW_title-300x167.jpg\" alt=\"\" class=\"wp-image-650\" srcset=\"https:\/\/praxis-gegenwind.de\/wp-content\/uploads\/2022\/08\/PGW_title-300x167.jpg 300w, https:\/\/praxis-gegenwind.de\/wp-content\/uploads\/2022\/08\/PGW_title-1024x570.jpg 1024w, https:\/\/praxis-gegenwind.de\/wp-content\/uploads\/2022\/08\/PGW_title-768x428.jpg 768w, https:\/\/praxis-gegenwind.de\/wp-content\/uploads\/2022\/08\/PGW_title-1536x856.jpg 1536w, https:\/\/praxis-gegenwind.de\/wp-content\/uploads\/2022\/08\/PGW_title-2048x1141.jpg 2048w\" sizes=\"auto, (max-width: 300px) 100vw, 300px\" \/><\/figure>\n<\/div>\n\n\n<p class=\"has-pale-cyan-blue-background-color has-background\"><strong>Anschrift:<br><\/strong>Praxis Gegenwind<br>Dipl.P\u00e4d. Daniel Radke<br>Alsheimer Stra\u00dfe 17<br>67586 Hillesheim<\/p>\n\n\n\n<p class=\"has-pale-cyan-blue-background-color has-background\">Telefon: 06733-4868340<\/p>\n\n\n\n<p class=\"has-pale-cyan-blue-background-color has-background\">Mobil: 0176-24306339<br>E- Mail: <a href=\"mailto:info@praxis-gegenwind.de\"><strong>info@praxis-gegenwind.de<\/strong><\/a><\/p>\n\n\n\n<p><\/p>\n\n\n\n<p class=\"has-pale-cyan-blue-background-color has-background\">Hier k\u00f6nnen Sie den <strong><a href=\"https:\/\/www.google.de\/maps\/dir\/\/Praxis+Gegenwind,+Alsheimer+Str.+17,+67586+Hillesheim\/@49.7696953,8.2535351,20z\/data=!4m16!1m6!3m5!1s0x0:0x81e8ebf7524b1d23!2sPraxis+Gegenwind!8m2!3d49.7697775!4d8.2537355!4m8!1m0!1m5!1m1!1s0x47bd992e64558ef7:0x81e8ebf7524b1d23!2m2!1d8.2537355!2d49.7697775!3e3\" data-type=\"URL\" data-id=\"https:\/\/www.google.de\/maps\/dir\/\/Praxis+Gegenwind,+Alsheimer+Str.+17,+67586+Hillesheim\/@49.7696953,8.2535351,20z\/data=!4m16!1m6!3m5!1s0x0:0x81e8ebf7524b1d23!2sPraxis+Gegenwind!8m2!3d49.7697775!4d8.2537355!4m8!1m0!1m5!1m1!1s0x47bd992e64558ef7:0x81e8ebf7524b1d23!2m2!1d8.2537355!2d49.7697775!3e3\" target=\"_blank\" rel=\"noreferrer noopener\">Routenplaner <\/a><\/strong>(google maps) aufrufen: <a rel=\"noreferrer noopener\" href=\"https:\/\/www.google.de\/maps\/dir\/\/Praxis+Gegenwind,+Alsheimer+Str.+17,+67586+Hillesheim\/@49.7696953,8.2535351,20z\/data=!4m16!1m6!3m5!1s0x0:0x81e8ebf7524b1d23!2sPraxis+Gegenwind!8m2!3d49.7697775!4d8.2537355!4m8!1m0!1m5!1m1!1s0x47bd992e64558ef7:0x81e8ebf7524b1d23!2m2!1d8.2537355!2d49.7697775!3e3\" data-type=\"URL\" data-id=\"https:\/\/www.google.de\/maps\/dir\/\/Praxis+Gegenwind,+Alsheimer+Str.+17,+67586+Hillesheim\/@49.7696953,8.2535351,20z\/data=!4m16!1m6!3m5!1s0x0:0x81e8ebf7524b1d23!2sPraxis+Gegenwind!8m2!3d49.7697775!4d8.2537355!4m8!1m0!1m5!1m1!1s0x47bd992e64558ef7:0x81e8ebf7524b1d23!2m2!1d8.2537355!2d49.7697775!3e3\" target=\"_blank\"><strong>PRAXIS GEGENWIND<\/strong><\/a><\/p>\n","protected":false},"excerpt":{"rendered":"<p>Anschrift:Praxis GegenwindDipl.P\u00e4d. Daniel RadkeAlsheimer Stra\u00dfe 1767586 Hillesheim Telefon: 06733-4868340 Mobil: 0176-24306339E- Mail: info@praxis-gegenwind.de Hier k\u00f6nnen Sie den Routenplaner (google maps) aufrufen: PRAXIS GEGENWIND<\/p>\n","protected":false},"author":1,"featured_media":0,"parent":0,"menu_order":7,"comment_status":"closed","ping_status":"closed","template":"","meta":{"footnotes":""},"class_list":["post-44","page","type-page","status-publish","hentry"],"_links":{"self":[{"href":"https:\/\/praxis-gegenwind.de\/index.php?rest_route=\/wp\/v2\/pages\/44","targetHints":{"allow":["GET"]}}],"collection":[{"href":"https:\/\/praxis-gegenwind.de\/index.php?rest_route=\/wp\/v2\/pages"}],"about":[{"href":"https:\/\/praxis-gegenwind.de\/index.php?rest_route=\/wp\/v2\/types\/page"}],"author":[{"embeddable":true,"href":"https:\/\/praxis-gegenwind.de\/index.php?rest_route=\/wp\/v2\/users\/1"}],"replies":[{"embeddable":true,"href":"https:\/\/praxis-gegenwind.de\/index.php?rest_route=%2Fwp%2Fv2%2Fcomments&post=44"}],"version-history":[{"count":32,"href":"https:\/\/praxis-gegenwind.de\/index.php?rest_route=\/wp\/v2\/pages\/44\/revisions"}],"predecessor-version":[{"id":652,"href":"https:\/\/praxis-gegenwind.de\/index.php?rest_route=\/wp\/v2\/pages\/44\/revisions\/652"}],"wp:attachment":[{"href":"https:\/\/praxis-gegenwind.de\/index.php?rest_route=%2Fwp%2Fv2%2Fmedia&parent=44"}],"curies":[{"name":"wp","href":"https:\/\/api.w.org\/{rel}","templated":true}]}}