{"id":27,"date":"2016-09-24T12:07:37","date_gmt":"2016-09-24T10:07:37","guid":{"rendered":"http:\/\/praxis-gegenwind.de\/wordpress\/?page_id=27"},"modified":"2023-06-05T12:29:27","modified_gmt":"2023-06-05T10:29:27","slug":"ueber-mich","status":"publish","type":"page","link":"https:\/\/praxis-gegenwind.de\/?page_id=27","title":{"rendered":"\u00dcber mich"},"content":{"rendered":"\n<p><\/p>\n\n\n<div class=\"wp-block-image\">\n<figure class=\"alignright size-large is-resized\"><img loading=\"lazy\" decoding=\"async\" src=\"https:\/\/praxis-gegenwind.de\/wp-content\/uploads\/2022\/08\/Radke_portrait-edited-scaled.jpg\" alt=\"\" class=\"wp-image-637\" width=\"292\" height=\"218\" srcset=\"https:\/\/praxis-gegenwind.de\/wp-content\/uploads\/2022\/08\/Radke_portrait-edited-scaled.jpg 2560w, https:\/\/praxis-gegenwind.de\/wp-content\/uploads\/2022\/08\/Radke_portrait-edited-300x225.jpg 300w, https:\/\/praxis-gegenwind.de\/wp-content\/uploads\/2022\/08\/Radke_portrait-edited-1024x768.jpg 1024w, https:\/\/praxis-gegenwind.de\/wp-content\/uploads\/2022\/08\/Radke_portrait-edited-768x576.jpg 768w, https:\/\/praxis-gegenwind.de\/wp-content\/uploads\/2022\/08\/Radke_portrait-edited-1536x1152.jpg 1536w, https:\/\/praxis-gegenwind.de\/wp-content\/uploads\/2022\/08\/Radke_portrait-edited-2048x1536.jpg 2048w\" sizes=\"auto, (max-width: 292px) 100vw, 292px\" \/><\/figure>\n<\/div>\n\n\n<ul class=\"has-pale-cyan-blue-background-color has-background wp-block-list\">\n<li>Jahrgang 1981<\/li>\n\n\n\n<li>Diplom P\u00e4dagoge (Universit\u00e4t Frankfurt)<\/li>\n\n\n\n<li>Heilpraktiker f\u00fcr Psychotherapie (amtlich gepr\u00fcft, Kreisgesundheitsamt Gro\u00df-Gerau)<\/li>\n\n\n\n<li>Hypnosetherapeut (TMI) (Inkl. Sporthypnose und Schnellhypnose nach Treusch)<\/li>\n\n\n\n<li>NLP-Practitioner (DVNLP)<\/li>\n\n\n\n<li>NLP-Master (DVNLP, IN)<\/li>\n\n\n\n<li>Soziotherapeut (ev. Hochschule Darmstadt)<\/li>\n\n\n\n<li>Sterbe- und Trauerbegleiter<\/li>\n\n\n\n<li>PME-Trainer (Giessener Forum, Bildungsakademie des Landessportbundes Hessen e.V)<\/li>\n\n\n\n<li>Diverse Fortbildungen in den Bereichen Sterbe- und Trauerbegleitung,<br>psychiatrische Krankheitsbilder und Behandlung, Gruppendynamik,<br>Kommunikationsstrategien und therapeutischer Interventionen<\/li>\n<\/ul>\n\n\n\n<p class=\"has-vivid-cyan-blue-background-color has-background\"> <span style=\"font-size: revert; color: initial;\">&nbsp; <\/span><strong style=\"font-size: revert; color: initial;\">Mitglied im DVNLP und im VfP<\/strong><\/p>\n\n\n\n<div class=\"wp-block-columns is-layout-flex wp-container-core-columns-is-layout-9d6595d7 wp-block-columns-is-layout-flex\">\n<div class=\"wp-block-column is-layout-flow wp-block-column-is-layout-flow\" style=\"flex-basis:100%\"><div class=\"wp-block-image\">\n<figure class=\"aligncenter size-full\"><a href=\"https:\/\/www.dvnlp.de\" target=\"_blank\" rel=\"noreferrer noopener\"><img loading=\"lazy\" decoding=\"async\" width=\"353\" height=\"150\" src=\"https:\/\/praxis-gegenwind.de\/wp-content\/uploads\/2022\/08\/image.png\" alt=\"\" class=\"wp-image-657\" srcset=\"https:\/\/praxis-gegenwind.de\/wp-content\/uploads\/2022\/08\/image.png 353w, https:\/\/praxis-gegenwind.de\/wp-content\/uploads\/2022\/08\/image-300x127.png 300w\" sizes=\"auto, (max-width: 353px) 100vw, 353px\" \/><\/a><\/figure>\n<\/div><\/div>\n<\/div>\n\n\n\n<figure class=\"wp-block-gallery aligncenter has-nested-images columns-default is-cropped wp-block-gallery-1 is-layout-flex wp-block-gallery-is-layout-flex\"><div class=\"wp-block-image\">\n<figure class=\"aligncenter size-full\"><a href=\"https:\/\/www.vfp.de\" target=\"_blank\" rel=\"noreferrer noopener\"><img loading=\"lazy\" decoding=\"async\" width=\"150\" height=\"150\" data-id=\"659\" src=\"https:\/\/praxis-gegenwind.de\/wp-content\/uploads\/2022\/08\/image-1.png\" alt=\"\" class=\"wp-image-659\"\/><\/a><\/figure>\n<\/div><\/figure>\n\n\n\n<p class=\"has-text-align-center\"> &nbsp;&nbsp;<span style=\"font-size: revert; background-color: rgb(142, 209, 252); color: initial;\">N\u00e4here Informationen unter <\/span><a class=\"link\" style=\"font-size: revert; background-color: rgb(142, 209, 252);\" href=\"http:\/\/www.dvnlp.de\/\">www.dvnlp.de<\/a><span style=\"font-size: revert; background-color: rgb(142, 209, 252); color: initial;\"> und <\/span><a class=\"link\" style=\"font-size: revert; background-color: rgb(142, 209, 252);\" href=\"http:\/\/www.vfp.de\/\">www.vfp.de<\/a><\/p>\n","protected":false},"excerpt":{"rendered":"<p>&nbsp; Mitglied im DVNLP und im VfP &nbsp;&nbsp;N\u00e4here Informationen unter www.dvnlp.de und www.vfp.de<\/p>\n","protected":false},"author":1,"featured_media":0,"parent":0,"menu_order":4,"comment_status":"closed","ping_status":"closed","template":"","meta":{"footnotes":""},"class_list":["post-27","page","type-page","status-publish","hentry"],"_links":{"self":[{"href":"https:\/\/praxis-gegenwind.de\/index.php?rest_route=\/wp\/v2\/pages\/27","targetHints":{"allow":["GET"]}}],"collection":[{"href":"https:\/\/praxis-gegenwind.de\/index.php?rest_route=\/wp\/v2\/pages"}],"about":[{"href":"https:\/\/praxis-gegenwind.de\/index.php?rest_route=\/wp\/v2\/types\/page"}],"author":[{"embeddable":true,"href":"https:\/\/praxis-gegenwind.de\/index.php?rest_route=\/wp\/v2\/users\/1"}],"replies":[{"embeddable":true,"href":"https:\/\/praxis-gegenwind.de\/index.php?rest_route=%2Fwp%2Fv2%2Fcomments&post=27"}],"version-history":[{"count":22,"href":"https:\/\/praxis-gegenwind.de\/index.php?rest_route=\/wp\/v2\/pages\/27\/revisions"}],"predecessor-version":[{"id":682,"href":"https:\/\/praxis-gegenwind.de\/index.php?rest_route=\/wp\/v2\/pages\/27\/revisions\/682"}],"wp:attachment":[{"href":"https:\/\/praxis-gegenwind.de\/index.php?rest_route=%2Fwp%2Fv2%2Fmedia&parent=27"}],"curies":[{"name":"wp","href":"https:\/\/api.w.org\/{rel}","templated":true}]}}